?
7
What is the remainder when 1731624 is divided by 47?
3
What is the remainder when 35398 is divided by 454?
440
What is the remainder when 188542 is divided by 3991?
965
Calculate the remainder when 1001554 is divided by 143077.
15
Calculate the remainder when 2782749 is divided by 1212.
1209
Calculate the remainder when 311011 is divided by 31101.
1
What is the remainder when 130746 is divided by 43500?
246
Calculate the remainder when 563737 is divided by 22.
9
Calculate the remainder when 38416 is divided by 742.
574
What is the remainder when 32829 is divided by 1458?
753
Calculate the remainder when 53913683 is divided by 707.
691
Calculate the remainder when 1651917 is divided by 787.
4
What is the remainder when 618142623 is divided by 493?
489
Calculate the remainder when 3309990 is divided by 367776.
6
Calculate the remainder when 2709018 is divided by 12778.
82
What is the remainder when 8709 is divided by 8365?
344
Calculate the remainder when 117985 is divided by 4878.
913
Calculate the remainder when 9506815 is divided by 3447.
3436
What is the remainder when 2001554 is divided by 37765?
9
What is the remainder when 4908559 is divided by 256?
15
Calculate the remainder when 4453 is divided by 464.
277
Calculate the remainder when 75597595 is divided by 75597583.
12
Calculate the remainder when 15971334 is divided by 3992833.
2
Calculate the remainder when 32911 is divided by 49.
32
Calculate the remainder when 61838 is divided by 1778.
1386
Calculate the remainder when 10015160 is divided by 265.
15
What is the remainder when 3849790 is divided by 26?
22
What is the remainder when 48455493 is divided by 188?
185
Calculate the remainder when 27094682 is divided by 33245.
7
Calculate the remainder when 5174 is divided by 1963.
1248
What is the remainder when 168379 is divided by 13938?
1123
Calculate the remainder when 52725 is divided by 10297.
1240
What is the remainder when 74366 is divided by 70668?
3698
Calculate the remainder when 513295 is divided by 128311.
51
Calculate the remainder when 24345 is divided by 2144.
761
Calculate the remainder when 24485 is divided by 3139.
2512
Calculate the remainder when 28274 is divided by 12877.
2520
Calculate the remainder when 637164 is divided by 313981.
9202
Calculate the remainder when 834479 is divided by 912.
911
What is the remainder when 446066 is divided by 1472?
50
What is the remainder when 967218 is divided by 253?
252
Calculate the remainder when 42689 is divided by 14189.
122
Calculate the remainder when 53369004 is divided by 2668450.
4
Calculate the remainder when 6743277 is divided by 1472.
45
Calculate the remainder when 2538497 is divided by 56411.
2
Calculate the remainder when 26033 is divided by 6349.
637
What is the remainder when 73051055 is divided by 91?
77
What is the remainder when 5500686 is divided by 1071?
30
What is the remainder when 2145377 is divided by 332?
325
Calculate the remainder when 2508636 is divided by 627133.
104
Calculate the remainder when 986138 is divided by 2770.
18
What is the remainder when 37018 is divided by 5257?
219
Calculate the remainder when 231451 is divided by 3398.
387
Calculate the remainder when 248471256 is divided by 9.
3
What is the remainder when 427188 is divided by 1504?
52
What is the remainder when 80259 is divided by 26441?
936
What is the remainder when 163183 is divided by 27188?
55
Calculate the remainder when 136305 is divided by 447.
417
What is the remainder when 359393 is divided by 10062?
7223
What is the remainder when 121957 is divided by 6770?
97
What is the remainder when 4613214 is divided by 17020?
794
Calculate the remainder when 332362 is divided by 2738.
1064
What is the remainder when 193843 is divided by 96904?
35
Calculate the remainder when 1046117 is divided by 1045888.
229
What is the remainder when 532083 is divided by 185?
23
Calculate the remainder when 671961 is divided by 130.
121
What is the remainder when 24491399 is divided by 2399?
8
Calculate the remainder when 81770 is divided by 294.
38
Calculate the remainder when 178271318 is divided by 943.
940
Calculate the remainder when 133477 is divided by 33368.
5
What is the remainder when 4069133 is divided by 369920?
13
Calculate the remainder when 3399532 is divided by 1387.
1382
Calculate the remainder when 1515102 is divided by 16291.
39
What is the remainder when 5853734 is divided by 249?
242
What is the remainder when 1617021 is divided by 1616992?
29
What is the remainder when 4906566 is divided by 2453114?
338
What is the remainder when 23270 is divided by 547?
296
Calculate the remainder when 2832520 is divided by 878.
92
What is the remainder when 1797035 is divided by 14376?
35
What is the remainder when 40340204 is divided by 159?
155
What is the remainder when 5059 is divided by 519?
388
Calculate the remainder when 36179120 is divided by 121.
120
Calculate the remainder when 2694521 is divided by 17844.
77
What is the remainder when 14875860 is divided by 1656?
12
What is the remainder when 75979 is divided by 12623?
241
Calculate the remainder when 5783798 is divided by 2603.
2535
Calculate the remainder when 14754368 is divided by 175.
118
Calculate the remainder when 40051555 is divided by 906.
13
What is the remainder when 346057 is divided by 1357?
22
What is the remainder when 81855 is divided by 6296?
7
What is the remainder when 14582379 is divided by 4900?
4879
What is the remainder when 244350793 is divided by 3215142?
1
Calculate the remainder when 11716711 is divided by 915.
136
What is the remainder when 124003 is divided by 702?
451
Calculate the remainder when 5929748 is divided by 13.
6
Calculate the remainder when 66407 is divided by 9480.
47
What is the remainder when 1650446 is divided by 16813?
2772
What is the remainder when 2854710 is divided by 24823?
65
What is the remainder when 8597145 is divided by 12?
9
Calculate the remainder when 580895451 is divided by 79.
77
Calculate the remainder when 1544885 is divided by 51496.
5
What is the remainder when 126101 is divided by 31063?
1849
What is the remainder when 1261539 is divided by 74147?
1040
Calculate the remainder when 984087 is divided by 1388.
1383
What is the remainder when 729876 is divided by 207?
201
What is the remainder when 157834 is divided by 1776?
1546
What is the remainder when 33442708 is divided by 42?
40
Calculate the remainder when 306853 is divided by 337.
183
What is the remainder when 5851057 is divided by 19?
7
What is the remainder when 311790741 is divided by 8?
5
What is the remainder when 204701 is divided by 2731?
2607
Calculate the remainder when 35505 is divided by 2.
1
What is the remainder when 1583891 is divided by 395712?
1043
Calculate the remainder when 22544355 is divided by 610.
585
What is the remainder when 108160 is divided by 108064?
96
What is the remainder when 28491569 is divided by 6?
5
What is the remainder when 73107 is divided by 3175?
82
What is the remainder when 2342149 is divided by 6198?
5503
What is the remainder when 1161883 is divided by 8?
3
What is the remainder when 694514 is divided by 1450?
1414
Calculate the remainder when 452212 is divided by 544.
148
What is the remainder when 47775415 is divided by 8062?
3
Calculate the remainder when 172269 is divided by 55850.
4719
Calculate the remainder when 22669202 is divided by 3664.
34
Calculate the remainder when 619502 is divided by 154712.
654
What is the remainder when 7529217 is divided by 16?
1
What is the remainder when 42146047 is divided by 310?
307
Calculate the remainder when 5423769 is divided by 677968.
25
Calculate the remainder when 12123036 is divided by 2424603.
21
What is the remainder when 36309 is divided by 342?
57
Calculate the remainder when 4640256 is divided by 1515.
1326
What is the remainder when 4977561 is divided by 168?
57
What is the remainder when 13668446 is divided by 879?
875
Calculate the remainder when 343391 is divided by 342918.
473
What is the remainder when 207848 is divided by 216?
56
Calculate the remainder when 66712238 is divided by 885.
53
What is the remainder when 10052499 is divided by 4?
3
What is the remainder when 1214428 is divided by 404652?
472
What is the remainder when 149102 is